{"id":478,"date":"2026-04-16T22:36:25","date_gmt":"2026-04-16T20:36:25","guid":{"rendered":"https:\/\/restaurant-anthon-privee.org\/?page_id=478"},"modified":"2026-05-03T15:40:45","modified_gmt":"2026-05-03T13:40:45","slug":"mentions-legales","status":"publish","type":"page","link":"https:\/\/restaurant-anthon-privee.org\/?page_id=478","title":{"rendered":"Mentions l\u00e9gales"},"content":{"rendered":"\t\t<div data-elementor-type=\"wp-page\" data-elementor-id=\"478\" class=\"elementor elementor-478\">\n\t\t\t\t<div class=\"elementor-element elementor-element-923c9ce e-flex e-con-boxed e-con e-parent\" data-id=\"923c9ce\" data-element_type=\"container\" data-e-type=\"container\">\n\t\t\t\t\t<div class=\"e-con-inner\">\n\t\t<div class=\"elementor-element elementor-element-34294bb e-con-full e-flex e-con e-child\" data-id=\"34294bb\" data-element_type=\"container\" data-e-type=\"container\">\n\t\t\t\t<div class=\"elementor-element elementor-element-0b0200e elementor-invisible elementor-widget elementor-widget-heading\" data-id=\"0b0200e\" data-element_type=\"widget\" data-e-type=\"widget\" data-settings=\"{&quot;_animation&quot;:&quot;fadeInUp&quot;}\" data-widget_type=\"heading.default\">\n\t\t\t\t\t<h2 class=\"elementor-heading-title elementor-size-default\">Mentions l\u00e9gales<\/h2>\t\t\t\t<\/div>\n\t\t\t\t<div class=\"elementor-element elementor-element-2e0f7da elementor-invisible elementor-widget elementor-widget-text-editor\" data-id=\"2e0f7da\" data-element_type=\"widget\" data-e-type=\"widget\" data-settings=\"{&quot;_animation&quot;:&quot;fadeInUp&quot;}\" data-widget_type=\"text-editor.default\">\n\t\t\t\t\t\t\t\t\t<p>&nbsp;1. \u00c9diteur du site<\/p>\n<p>Le pr\u00e9sent site est \u00e9dit\u00e9 par :<\/p>\n<p><strong>Restaurant Anthon<\/strong><br>Forme juridique : SARL&nbsp;<\/p>\n<p><span style=\"letter-spacing: 1.8px;\">Si\u00e8ge social :<\/span><\/p>\n<p>40 Rue Principale<br>67510 Obersteinbach \u2013 France<\/p>\n<p>T\u00e9l\u00e9phone : 03 88 09 55 01<br>Email : info@restaurant-anthon.fr<\/p>\n<p>Num\u00e9ro RCS : Strasbourg &#8211; N\u00b0B 315 250 043<br>Num\u00e9ro SIRET : 315 250 043 00017<br>Num\u00e9ro de TVA intracommunautaire : FR 44 315 250 043<\/p>\n<p><strong>2. Directeur de la publication<\/strong><\/p>\n<p>Le directeur de la publication est :<br>Georges Flaig<\/p>\n<p><strong>3. H\u00e9bergement du site<\/strong><\/p>\n<p>Le site est h\u00e9berg\u00e9 par :<\/p>\n<p>Hostinger International Ltd.<br>61 Lordou Vironos Street<br>6023 Larnaca<br>Chypre<br>Site web : https:\/\/www.hostinger.fr<\/p>\n<p><strong>4. Propri\u00e9t\u00e9 intellectuelle<\/strong><\/p>\n<p>L\u2019ensemble du contenu pr\u00e9sent sur ce site (textes, images, photographies, logos, graphismes, etc.) est prot\u00e9g\u00e9 par le droit de la propri\u00e9t\u00e9 intellectuelle.<\/p>\n<p>Toute reproduction, repr\u00e9sentation, modification, publication ou adaptation, totale ou partielle, des \u00e9l\u00e9ments du site est interdite sans autorisation \u00e9crite pr\u00e9alable.<\/p>\n<p>Les images et contenus provenant de sources externes font l\u2019objet d\u2019une autorisation d\u2019utilisation ou sont accompagn\u00e9s de la mention de leur source.<\/p>\n<p><strong>5. Donn\u00e9es personnelles<\/strong><\/p>\n<p>Dans le cadre de l\u2019utilisation du site, Restaurant Anthon peut \u00eatre amen\u00e9 \u00e0 collecter des donn\u00e9es personnelles (nom, pr\u00e9nom, email, etc.).<\/p>\n<p><strong>Responsable du traitement<\/strong><\/p>\n<p>Le responsable du traitement des donn\u00e9es est :<br>Restaurant Anthon<br>Email : info@restaurant-anthon.fr<\/p>\n<p><strong>Finalit\u00e9 des donn\u00e9es<\/strong><\/p>\n<p>Les donn\u00e9es collect\u00e9es sont utilis\u00e9es pour :<\/p>\n<p>* la gestion des r\u00e9servations<br>* la prise de contact<br>* l\u2019am\u00e9lioration des services<\/p>\n<p><strong>Base l\u00e9gale<\/strong><\/p>\n<p>Le traitement repose sur :<\/p>\n<p>* le consentement de l\u2019utilisateur<br>* ou l\u2019ex\u00e9cution d\u2019un contrat<\/p>\n<p><strong>Caract\u00e8re obligatoire ou facultatif<\/strong><\/p>\n<p>Les informations demand\u00e9es sont n\u00e9cessaires pour r\u00e9pondre aux demandes.<br>Le refus de fournir certaines donn\u00e9es peut emp\u00eacher l\u2019acc\u00e8s \u00e0 certains services.<\/p>\n<p><strong>Destinataires des donn\u00e9es<\/strong><\/p>\n<p>Les donn\u00e9es sont destin\u00e9es uniquement \u00e0 Restaurant Anthon et ne sont pas vendues \u00e0 des tiers.<\/p>\n<p><strong>Droits des utilisateurs<\/strong><\/p>\n<p>Conform\u00e9ment au RGPD, vous disposez des droits suivants :<\/p>\n<p>* droit d\u2019acc\u00e8s<br>* droit de rectification<br>* droit d\u2019effacement<br>* droit d\u2019opposition<br>* droit \u00e0 la limitation du traitement<\/p>\n<p>Vous pouvez exercer ces droits en contactant : info@restaurant-anthon.fr<\/p>\n<p>Vous avez \u00e9galement le droit d\u2019introduire une r\u00e9clamation aupr\u00e8s de la CNIL.<\/p>\n<p><strong>Transfert hors UE<\/strong><\/p>\n<p>Les donn\u00e9es peuvent \u00eatre h\u00e9berg\u00e9es en dehors de l\u2019Union europ\u00e9enne (notamment via les services de l\u2019h\u00e9bergeur). Dans ce cas, des garanties appropri\u00e9es sont mises en place conform\u00e9ment au RGPD.<\/p>\n<p><strong>6. Cookies<\/strong><\/p>\n<p>Le site peut utiliser des cookies pour am\u00e9liorer l\u2019exp\u00e9rience utilisateur.<\/p>\n<p>Lors de votre premi\u00e8re visite, un bandeau vous informe de l\u2019utilisation des cookies et vous permet d\u2019accepter ou de refuser leur utilisation.<\/p>\n<p>Les cookies utilis\u00e9s permettent :<\/p>\n<p>* la mesure d\u2019audience<br>* le bon fonctionnement du site<\/p>\n<p>Vous pouvez configurer votre navigateur pour refuser les cookies.<\/p>\n<p><strong>7. Responsabilit\u00e9<\/strong><\/p>\n<p>Restaurant Anthon s\u2019efforce de fournir des informations aussi pr\u00e9cises que possible.<br>Toutefois, il ne pourra \u00eatre tenu responsable des omissions, inexactitudes ou carences dans la mise \u00e0 jour.<\/p>\n<p><strong>8. Droit applicable<\/strong><\/p>\n<p>Le pr\u00e9sent site est soumis au droit fran\u00e7ais.<br>En cas de litige, les tribunaux fran\u00e7ais seront seuls comp\u00e9tents.<\/p>\t\t\t\t\t\t\t\t<\/div>\n\t\t\t\t<\/div>\n\t\t\t\t\t<\/div>\n\t\t\t\t<\/div>\n\t\t\t\t<\/div>\n\t\t","protected":false},"excerpt":{"rendered":"<p>Mentions l\u00e9gales &nbsp;1. \u00c9diteur du site Le pr\u00e9sent site est \u00e9dit\u00e9 par : Restaurant AnthonForme juridique : SARL&nbsp; Si\u00e8ge social : 40 Rue Principale67510 Obersteinbach \u2013 France T\u00e9l\u00e9phone : 03 88 09 55 01Email : info@restaurant-anthon.fr Num\u00e9ro RCS : Strasbourg &#8211; N\u00b0B 315 250 043Num\u00e9ro SIRET : 315 250 043 00017Num\u00e9ro de TVA intracommunautaire : [&hellip;]<\/p>\n","protected":false},"author":1,"featured_media":0,"parent":0,"menu_order":0,"comment_status":"closed","ping_status":"closed","template":"elementor_header_footer","meta":{"footnotes":""},"class_list":["post-478","page","type-page","status-publish","hentry"],"_links":{"self":[{"href":"https:\/\/restaurant-anthon-privee.org\/index.php?rest_route=\/wp\/v2\/pages\/478","targetHints":{"allow":["GET"]}}],"collection":[{"href":"https:\/\/restaurant-anthon-privee.org\/index.php?rest_route=\/wp\/v2\/pages"}],"about":[{"href":"https:\/\/restaurant-anthon-privee.org\/index.php?rest_route=\/wp\/v2\/types\/page"}],"author":[{"embeddable":true,"href":"https:\/\/restaurant-anthon-privee.org\/index.php?rest_route=\/wp\/v2\/users\/1"}],"replies":[{"embeddable":true,"href":"https:\/\/restaurant-anthon-privee.org\/index.php?rest_route=%2Fwp%2Fv2%2Fcomments&post=478"}],"version-history":[{"count":9,"href":"https:\/\/restaurant-anthon-privee.org\/index.php?rest_route=\/wp\/v2\/pages\/478\/revisions"}],"predecessor-version":[{"id":761,"href":"https:\/\/restaurant-anthon-privee.org\/index.php?rest_route=\/wp\/v2\/pages\/478\/revisions\/761"}],"wp:attachment":[{"href":"https:\/\/restaurant-anthon-privee.org\/index.php?rest_route=%2Fwp%2Fv2%2Fmedia&parent=478"}],"curies":[{"name":"wp","href":"https:\/\/api.w.org\/{rel}","templated":true}]}}