{"id":446,"date":"2026-04-16T22:15:49","date_gmt":"2026-04-16T20:15:49","guid":{"rendered":"https:\/\/restaurant-anthon-privee.org\/?page_id=446"},"modified":"2026-04-24T21:41:47","modified_gmt":"2026-04-24T19:41:47","slug":"partenaires-test","status":"publish","type":"page","link":"https:\/\/restaurant-anthon-privee.org\/?page_id=446","title":{"rendered":"Partenaires"},"content":{"rendered":"\t\t<div data-elementor-type=\"wp-page\" data-elementor-id=\"446\" class=\"elementor elementor-446\">\n\t\t\t\t<div class=\"elementor-element elementor-element-56924a8 e-flex e-con-boxed e-con e-parent\" data-id=\"56924a8\" data-element_type=\"container\" data-e-type=\"container\" data-settings=\"{&quot;background_background&quot;:&quot;classic&quot;}\">\n\t\t\t\t\t<div class=\"e-con-inner\">\n\t\t\t\t<div class=\"elementor-element elementor-element-66f6c84 elementor-widget elementor-widget-heading\" data-id=\"66f6c84\" data-element_type=\"widget\" data-e-type=\"widget\" data-widget_type=\"heading.default\">\n\t\t\t\t\t<h2 class=\"elementor-heading-title elementor-size-default\">PARTENAIRES<\/h2>\t\t\t\t<\/div>\n\t\t\t\t<div class=\"elementor-element elementor-element-904b270 elementor-widget elementor-widget-html\" data-id=\"904b270\" data-element_type=\"widget\" data-e-type=\"widget\" data-widget_type=\"html.default\">\n\t\t\t\t\t<hr style=\"background-color: white;\r\n    height: 4px;\r\n    width: 10%;\r\n    margin: 0;\">\t\t\t\t<\/div>\n\t\t\t\t\t<\/div>\n\t\t\t\t<\/div>\n\t\t<div class=\"elementor-element elementor-element-220d7eb e-flex e-con-boxed e-con e-parent\" data-id=\"220d7eb\" data-element_type=\"container\" data-e-type=\"container\">\n\t\t\t\t\t<div class=\"e-con-inner\">\n\t\t<div class=\"elementor-element elementor-element-3382894 e-con-full e-flex e-con e-child\" data-id=\"3382894\" data-element_type=\"container\" data-e-type=\"container\">\n\t\t\t\t<div class=\"elementor-element elementor-element-68b5c68 elementor-invisible elementor-widget elementor-widget-heading\" data-id=\"68b5c68\" data-element_type=\"widget\" data-e-type=\"widget\" data-settings=\"{&quot;_animation&quot;:&quot;fadeInUp&quot;}\" data-widget_type=\"heading.default\">\n\t\t\t\t\t<h2 class=\"elementor-heading-title elementor-size-default\">Massage Relaxant Pierre Feiss<\/h2>\t\t\t\t<\/div>\n\t\t\t\t<div class=\"elementor-element elementor-element-a401789 elementor-invisible elementor-widget elementor-widget-text-editor\" data-id=\"a401789\" data-element_type=\"widget\" data-e-type=\"widget\" data-settings=\"{&quot;_animation&quot;:&quot;fadeInUp&quot;}\" data-widget_type=\"text-editor.default\">\n\t\t\t\t\t\t\t\t\t<p style=\"text-align: left;\">Dans le jardin , un dome d\u00e9di\u00e9 au bien \u00eatre accueille des massage relaxants, propices au<br \/>l\u00e2cher-prise et \u00e0 la reconnexion \u00e0 soi. Entre confort, nature et douceur profiter d\u2019un moment<br \/>de calme et s\u2019offrir une pause bien-etre hors du temps \u2026.<\/p><p style=\"text-align: left;\">R\u00e9servation contact Pierre 07.82.34.29.98<\/p>\t\t\t\t\t\t\t\t<\/div>\n\t\t\t\t<\/div>\n\t\t<div class=\"elementor-element elementor-element-c17290f e-con-full e-flex elementor-invisible e-con e-child\" data-id=\"c17290f\" data-element_type=\"container\" data-e-type=\"container\" data-settings=\"{&quot;background_background&quot;:&quot;classic&quot;,&quot;animation&quot;:&quot;fadeInUp&quot;}\">\n\t\t\t\t<\/div>\n\t\t\t\t\t<\/div>\n\t\t\t\t<\/div>\n\t\t<div class=\"elementor-element elementor-element-fd195b6 e-flex e-con-boxed e-con e-parent\" data-id=\"fd195b6\" data-element_type=\"container\" data-e-type=\"container\" data-settings=\"{&quot;background_background&quot;:&quot;classic&quot;}\">\n\t\t\t\t\t<div class=\"e-con-inner\">\n\t\t<div class=\"elementor-element elementor-element-977ca80 e-con-full e-flex elementor-invisible e-con e-child\" data-id=\"977ca80\" data-element_type=\"container\" data-e-type=\"container\" data-settings=\"{&quot;background_background&quot;:&quot;classic&quot;,&quot;animation&quot;:&quot;fadeInUp&quot;}\">\n\t\t\t\t<\/div>\n\t\t<div class=\"elementor-element elementor-element-bdf0fdc e-con-full e-flex e-con e-child\" data-id=\"bdf0fdc\" data-element_type=\"container\" data-e-type=\"container\">\n\t\t\t\t<div class=\"elementor-element elementor-element-982e034 elementor-invisible elementor-widget elementor-widget-heading\" data-id=\"982e034\" data-element_type=\"widget\" data-e-type=\"widget\" data-settings=\"{&quot;_animation&quot;:&quot;fadeInUp&quot;}\" data-widget_type=\"heading.default\">\n\t\t\t\t\t<h2 class=\"elementor-heading-title elementor-size-default\">Location de v\u00e9lo Denis Schaaf<\/h2>\t\t\t\t<\/div>\n\t\t\t\t<div class=\"elementor-element elementor-element-31e1097 elementor-invisible elementor-widget elementor-widget-text-editor\" data-id=\"31e1097\" data-element_type=\"widget\" data-e-type=\"widget\" data-settings=\"{&quot;_animation&quot;:&quot;fadeInUp&quot;}\" data-widget_type=\"text-editor.default\">\n\t\t\t\t\t\t\t\t\t<p style=\"text-align: left;\"><strong>Fondateur d&rsquo;ADN-eBIKES<\/strong><\/p><p style=\"text-align: left;\">Passionn\u00e9, d\u00e9termin\u00e9, je vous propose toute mon \u00e9nergie et mon envie de partager pour<br \/>vous faire d\u00e9couvrir l\u2019Alsace du Nord \u00e0 travers les balades en v\u00e9lo \u00e0 assistance \u00e9lectrique<br \/>r\u00e9servation et location de v\u00e9lo \u00e0 assistance \u00e9lectrique<\/p><p style=\"text-align: left;\"><br \/>R\u00e9servation sur info@adn-ebikes.com ou au 06.77.88.08.51.<\/p>\t\t\t\t\t\t\t\t<\/div>\n\t\t\t\t<\/div>\n\t\t\t\t\t<\/div>\n\t\t\t\t<\/div>\n\t\t<div class=\"elementor-element elementor-element-7c1efbc e-flex e-con-boxed e-con e-parent\" data-id=\"7c1efbc\" data-element_type=\"container\" data-e-type=\"container\">\n\t\t\t\t\t<div class=\"e-con-inner\">\n\t\t<div class=\"elementor-element elementor-element-930a19d e-con-full e-flex e-con e-child\" data-id=\"930a19d\" data-element_type=\"container\" data-e-type=\"container\">\n\t\t\t\t<div class=\"elementor-element elementor-element-e104895 elementor-invisible elementor-widget elementor-widget-heading\" data-id=\"e104895\" data-element_type=\"widget\" data-e-type=\"widget\" data-settings=\"{&quot;_animation&quot;:&quot;fadeInUp&quot;}\" data-widget_type=\"heading.default\">\n\t\t\t\t\t<h2 class=\"elementor-heading-title elementor-size-default\">Bleu Minuit<\/h2>\t\t\t\t<\/div>\n\t\t\t\t<div class=\"elementor-element elementor-element-380adfd elementor-invisible elementor-widget elementor-widget-text-editor\" data-id=\"380adfd\" data-element_type=\"widget\" data-e-type=\"widget\" data-settings=\"{&quot;_animation&quot;:&quot;fadeInUp&quot;}\" data-widget_type=\"text-editor.default\">\n\t\t\t\t\t\t\t\t\t<p style=\"text-align: left;\">Bleu Minuit <strong>Votre nuit sous les \u00e9toiles.<\/strong><\/p>\n<p style=\"text-align: left;\">Une vue imprenable sur la nature environnante et le ciel, une verri\u00e8re z\u00e9nithale \u2026 l\u2019\u00e9colodge<br>Bleu Minuit est id\u00e9al pour profiter d\u2019une nuit \u00e0 la belle \u00e9toile depuis votre lit<\/p>\n<p style=\"text-align: left;\">L\u2019\u00e9quipe Bleu Minuit r\u00e9pond \u00e0 toutes vos questions, par&nbsp;email, par&nbsp;t\u00e9l\u00e9phone&nbsp;:<\/p>\n<p style=\"text-align: left;\">+33 3 92 2001 14<\/p>\n<p style=\"text-align: left;\">ou par&nbsp;message&nbsp;UNIQUEMENT sur WhatsApp : +33 6 71 31 24 68 bleu-minuit.com<\/p>\t\t\t\t\t\t\t\t<\/div>\n\t\t\t\t<\/div>\n\t\t<div class=\"elementor-element elementor-element-888dec7 e-con-full e-flex elementor-invisible e-con e-child\" data-id=\"888dec7\" data-element_type=\"container\" data-e-type=\"container\" data-settings=\"{&quot;background_background&quot;:&quot;classic&quot;,&quot;animation&quot;:&quot;fadeInUp&quot;}\">\n\t\t\t\t<\/div>\n\t\t\t\t\t<\/div>\n\t\t\t\t<\/div>\n\t\t<div class=\"elementor-element elementor-element-4af3436 e-flex e-con-boxed e-con e-parent\" data-id=\"4af3436\" data-element_type=\"container\" data-e-type=\"container\" data-settings=\"{&quot;background_background&quot;:&quot;classic&quot;}\">\n\t\t\t\t\t<div class=\"e-con-inner\">\n\t\t<div class=\"elementor-element elementor-element-ad1554c e-con-full e-flex elementor-invisible e-con e-child\" data-id=\"ad1554c\" data-element_type=\"container\" data-e-type=\"container\" data-settings=\"{&quot;background_background&quot;:&quot;classic&quot;,&quot;animation&quot;:&quot;fadeInUp&quot;}\">\n\t\t\t\t<\/div>\n\t\t<div class=\"elementor-element elementor-element-4e30363 e-con-full e-flex e-con e-child\" data-id=\"4e30363\" data-element_type=\"container\" data-e-type=\"container\">\n\t\t\t\t<div class=\"elementor-element elementor-element-d8a6170 elementor-invisible elementor-widget elementor-widget-heading\" data-id=\"d8a6170\" data-element_type=\"widget\" data-e-type=\"widget\" data-settings=\"{&quot;_animation&quot;:&quot;fadeInUp&quot;}\" data-widget_type=\"heading.default\">\n\t\t\t\t\t<h2 class=\"elementor-heading-title elementor-size-default\">Golf 27 trous<\/h2>\t\t\t\t<\/div>\n\t\t\t\t<div class=\"elementor-element elementor-element-0111b48 elementor-invisible elementor-widget elementor-widget-text-editor\" data-id=\"0111b48\" data-element_type=\"widget\" data-e-type=\"widget\" data-settings=\"{&quot;_animation&quot;:&quot;fadeInUp&quot;}\" data-widget_type=\"text-editor.default\">\n\t\t\t\t\t\t\t\t\t<p style=\"text-align: left;\">Golf 27 trous, est class\u00e9 au 9\u00e8me rang du Top Ten en Europe pour la qualit\u00e9 du parcours, son<br \/>fleurissement et son green praticable toute l\u2019ann\u00e9e.<\/p><p style=\"text-align: left;\"><br \/>Pour r\u00e9server ou pour plus de renseignements, vous pouvez contacter le Golf de Bitche<\/p><p style=\"text-align: left;\"><br \/>Par t\u00e9l\u00e9phone : 03 87 96 15 30<br \/>Par mail : contact@golf-bitche.com.<\/p>\t\t\t\t\t\t\t\t<\/div>\n\t\t\t\t<\/div>\n\t\t\t\t\t<\/div>\n\t\t\t\t<\/div>\n\t\t\t\t<\/div>\n\t\t","protected":false},"excerpt":{"rendered":"<p>PARTENAIRES Massage Relaxant Pierre Feiss Dans le jardin , un dome d\u00e9di\u00e9 au bien \u00eatre accueille des massage relaxants, propices aul\u00e2cher-prise et \u00e0 la reconnexion \u00e0 soi. Entre confort, nature et douceur profiter d\u2019un momentde calme et s\u2019offrir une pause bien-etre hors du temps \u2026. R\u00e9servation contact Pierre 07.82.34.29.98 Location de v\u00e9lo Denis Schaaf Fondateur [&hellip;]<\/p>\n","protected":false},"author":1,"featured_media":0,"parent":0,"menu_order":0,"comment_status":"closed","ping_status":"closed","template":"elementor_header_footer","meta":{"footnotes":""},"class_list":["post-446","page","type-page","status-publish","hentry"],"_links":{"self":[{"href":"https:\/\/restaurant-anthon-privee.org\/index.php?rest_route=\/wp\/v2\/pages\/446","targetHints":{"allow":["GET"]}}],"collection":[{"href":"https:\/\/restaurant-anthon-privee.org\/index.php?rest_route=\/wp\/v2\/pages"}],"about":[{"href":"https:\/\/restaurant-anthon-privee.org\/index.php?rest_route=\/wp\/v2\/types\/page"}],"author":[{"embeddable":true,"href":"https:\/\/restaurant-anthon-privee.org\/index.php?rest_route=\/wp\/v2\/users\/1"}],"replies":[{"embeddable":true,"href":"https:\/\/restaurant-anthon-privee.org\/index.php?rest_route=%2Fwp%2Fv2%2Fcomments&post=446"}],"version-history":[{"count":3,"href":"https:\/\/restaurant-anthon-privee.org\/index.php?rest_route=\/wp\/v2\/pages\/446\/revisions"}],"predecessor-version":[{"id":610,"href":"https:\/\/restaurant-anthon-privee.org\/index.php?rest_route=\/wp\/v2\/pages\/446\/revisions\/610"}],"wp:attachment":[{"href":"https:\/\/restaurant-anthon-privee.org\/index.php?rest_route=%2Fwp%2Fv2%2Fmedia&parent=446"}],"curies":[{"name":"wp","href":"https:\/\/api.w.org\/{rel}","templated":true}]}}